 56?
52
In base 8, what is -100 + 21?
-57
In base 8, what is 3 - 162?
-157
In base 5, what is 14 - 43?
-24
In base 6, what is 222 + 20?
242
In base 14, what is -12 + 56?
44
In base 10, what is -3 + 38?
35
In base 11, what is -36 + 17?
-1a
In base 11, what is -5519 + 3?
-5516
In base 2, what is 111111101 + -111?
111110110
In base 15, what is -1 + c0e?
c0d
In base 16, what is -2 + -4d?
-4f
In base 6, what is -13 + 122?
105
In base 16, what is e - 60?
-52
In base 10, what is 18 - -2?
20
In base 11, what is 9564 + -3?
9561
In base 11, what is -3 + 3?
0
In base 2, what is -1 - -101100?
101011
In base 6, what is -5 - -101003?
100554
In base 11, what is 62 + 154?
206
In base 3, what is -11222 - 2211?
-21210
In base 2, what is 11111 + -101?
11010
In base 14, what is -2aa + 2?
-2a8
In base 7, what is 1 - 145?
-144
In base 14, what is 21a + -32?
1c8
In base 4, what is -1 + -1331?
-1332
In base 7, what is -5 + 5?
0
In base 11, what is -a3 + -41?
-134
In base 12, what is -a8 + 1?
-a7
In base 7, what is -425 + -10?
-435
In base 10, what is -5700 + -7?
-5707
In base 4, what is -13 + 30?
11
In base 14, what is 146a + 4?
1470
In base 9, what is 31 + 15?
46
In base 13, what is 82 + -1?
81
In base 10, what is -428 + 30?
-398
In base 7, what is -30132 + -1?
-30133
In base 11, what is 4 - -385?
389
In base 6, what is -1 - 0?
-1
In base 15, what is -80b + -2?
-80d
In base 14, what is -39b + -5?
-3a2
In base 11, what is -4 - 161?
-165
In base 8, what is -64 + -2?
-66
In base 15, what is 69 - 2?
67
In base 8, what is 0 - 2635?
-2635
In base 13, what is -2 + -b2c?
-b31
In base 9, what is -2 - 2810?
-2812
In base 12, what is 17b4 + -4?
17b0
In base 14, what is c0b - -1?
c0c
In base 5, what is -43 + -14?
-112
In base 8, what is 16 - 63?
-45
In base 8, what is -31 - -152?
121
In base 8, what is -3433 - 4?
-3437
In base 12, what is 15 + 17?
30
In base 8, what is 47 + 7?
56
In base 13, what is -28 - 11?
-39
In base 2, what is -11 + -1100000?
-1100011
In base 15, what is -8a - -3?
-87
In base 15, what is -1e2 + -4?
-1e6
In base 7, what is -3 + 35?
32
In base 14, what is -2 - d?
-11
In base 12, what is 5 + 1a?
23
In base 7, what is -13 + -115?
-131
In base 16, what is 6c + -24?
48
In base 13, what is 1 + -c?
-b
In base 5, what is -12402 - -10?
-12342
In base 9, what is 1 - 55?
-54
In base 11, what is 267a3 - -1?
267a4
In base 5, what is -2 - -33?
31
In base 4, what is 13 + -103?
-30
In base 2, what is 1 + -101100101011?
-101100101010
In base 4, what is 100120 - -11?
100131
In base 3, what is -21 - 2101?
-2122
In base 10, what is -805 + -7?
-812
In base 16, what is 23 - -31?
54
In base 16, what is -6d - 3?
-70
In base 6, what is 3 + 31505?
31512
In base 6, what is 4 + 22?
30
In base 4, what is -3 + -100?
-103
In base 13, what is -5 + 653?
64b
In base 15, what is 3 - 98?
-95
In base 13, what is 3b + 163?
1a1
In base 15, what is 40 - 0?
40
In base 7, what is -5 - -2?
-3
In base 4, what is 33 + 321?
1020
In base 15, what is -a5a - -5?
-a55
In base 7, what is -145 - -3?
-142
In base 16, what is 977 - 5?
972
In base 5, what is 33 + 10?
43
In base 7, what is -1345 - 1?
-1346
In base 14, what is -3 + -1?
-4
In base 13, what is -b + a?
-1
In base 5, what is -244 + -2?
-301
In base 16, what is bee - 2?
bec
In base 8, what is -115 - -7?
-106
In base 7, what is 13 - -201?
214
In base 3, what is -2 - 12102201?
-12102210
In base 11, what is 1 - 52?
-51
In base 7, what is 61 - -5?
66
In base 15, what is 5 + -594?
-58e
In base 8, what is 22 + 25?
47
In base 5, what is -42103 + -1?
-42104
In base 2, what is -1100 + -100?
-10000
In base 6, what is -5133 - 3?
-5140
In base 9, what is -5 - 5305?
-5311
In base 4, what is -2131 - 11?
-2202
In base 16, what is c + e?
1a
In base 15, what is -e9 - -1?
-e8
In base 11, what is -5 - 5a0?
-5a5
In base 10, what is 2444 + 1?
2445
In base 9, what is -77 + -22?
-110
In base 16, what is 7 - 11?
-a
In base 8, what is 2 - -30?
32
In base 15, what is 81 + 4?
85
In base 11, what is -1187 + 0?
-1187
In base 14, what is 79 + -1?
78
In base 4, what is 11 - 233?
-222
In base 11, what is -2a + -25?
-54
In base 8, what is -1 + 1316?
1315
In base 10, what is -19 + 79?
60
In base 16, what is 28e + 0?
28e
In base 14, what is -19c - -1?
-19b
In base 13, what is -4 - 35?
-39
In base 8, what is 1626 + 5?
1633
In base 14, what is 4 + -760?
-75a
In base 9, what is -2564 - 3?
-2567
In base 6, what is -1130 - 11?
-1141
In base 3, what is 20 + 22?
112
In base 13, what is 20 + 7?
27
In base 13, what is 5 + -276?
-271
In base 13, what is 363 + 3?
366
In base 5, what is 0 + 1333?
1333
In base 4, what is 13031 + -1?
13030
In base 13, what is 6a - -8?
75
In base 3, what is -1200000 - -10?
-1122220
In base 11, what is -159 - 2?
-160
In base 13, what is 1c6 - -21?
217
In base 4, what is 33 + 21?
120
In base 9, what is -1 - 5?
-6
In base 16, what is -e8e - -4?
-e8a
In base 4, what is 23013 - 10?
23003
In base 13, what is 1b3 - 3?
1b0
In base 16, what is 1 - -c4?
c5
In base 11, what is 4201 + 1?
4202
In base 5, what is 31 - -4?
40
In base 12, what is -26 + -13?
-39
In base 12, what is 13b6 + -5?
13b1
In base 9, what is -1 + -12?
-13
In base 2, what is -1000111111 - 11?
-1001000010
In base 8, what is 4 + 1307?
1313
In base 7, what is -61 + -2?
-63
In base 8, what is -37032 + 5?
-37025
In base 9, what is 228 - 12?
216
In base 6, what is 4 + 34?
42
In base 12, what is 9 - 4b9?
-4b0
In base 11, what is -46 - -67?
21
In base 5, what is 102 - 230?
-123
In base 5, what is 4 - -121?
130
In base 14, what is -1 - -d5?
d4
In base 13, what is 36 - 81?
-48
In base 3, what is 2002110 - -12?
2002122
In base 10, what is -4 + 3577?
3573
In base 5, what is 2 + 42331?
42333
In base 6, what is -5 - 2023?
-2032
In base 12, what is 176 + -5?
171
In base 3, what is 0 - -2101?
2101
In base 2, what is 10 + 100011000?
100011010
In base 2, what is 1110001001111 - 0?
1110001001111
In base 10, what is 64 + -5?
59
In base 5, what is 11112 - 1?
11111
In base 2, what is -10000100 + -10?
-10000110
In base 15, what is 684 - 4?
680
In base 11, what is 0 + -1a02?
-1a02
In base 8, what is 1 - 100?
-77
In base 10, what is 228 + 5?
233
In base 7, what is -3 - -44?
41
In base 15, what is -2a + -1?
-2b
In base 11, what is -57 - -4?
-53
In base 6, what is -55252 - -5?
-55243
In base 6, what is -13 + -32?
-45
In base 8, what is -120 + 17?
-101
In base 16, what is -15 + -42?
-57
In base 11, what is -5 - 24?
-29
In base 5, what is 32 + -4340?
-4303
In base 16, what is 2 - -2c6?
2c8
In base 14, what is -c4 - -2?
-c2
In base 15, what is 0 + 78?
78
In base 9, what is -44 - -16?
-27
In base 3, what is 22 + 12?
111
In base 10, what is 704 - -4?
708
In base 5, what is 420312 - 4?
420303
In base 5, what is -2 + 121?
114
In base 9, what is 5 - 6134?
-6128
In base 14, what is 4b0 + -2?
4ac
In base 13, what is -40 - 36?
-76
In base 5, what is -3 + 100134?
100131
In base 15, what is -708 - 0?
-708
In base 5, what is -12412 - -13?
-12344
In base 6, what is 2301 - -33?
2334
In base 13, what is 5 + 2b0?
2b5
In base 13, what is -5 - -c?
7
In base 10, what is -164 - 89?
-253
In base 5, what is 4 - -20?
24
In base 15, what is -e + 3d?
2e
In base 7, what is -440 + -3?
-443
In base 3, what is 10 - 1011221?
-1011211
In base 9, what is -62 - 53?
-125
In base 6, what is 4 + -10324?
-10320
In base 8, what is -1 - 172?
-173
In base 16, what is -39 + 6?
-33
In base 5, what is -3 - 212320?
-212323
In base 11, what is -a40 - -7?
-a34
In base 6, what is -1 - -52?
51
In base 13, what is 3 + -1a0?
-19a
In base 6, what is -2 - -12414?
12412
In base 9, what is -6 + -73?
-80
In base 11, what is 188 + -2?
186
In base 7, what is 20 - -2?
22
In base 13, what is -156 + -2?
-158
In base 3, what is 10 - 202?
-122
In base 14, what is -aa - 68?
-134
In base 7, what is 5000 - 2?
4665
In base 13, what is -9a - 5c?
-129
In base 7, what is -42 - 0?
-42
In base 14, what is 21 - -4?
25
In base 16, what is 8 + 268?
270
In base 6, what is 253 + 5?
302
In base 8, what is -3 + -335?
-340
In base 6, what is 131 - -234?
405
In base 7, what is -1 - 50?
-51
In base 14, what is 2564 + 1?
2565
In base 11, what is -14 - -7?
-8
In base 11, what is 3 + -429?
-426
In base 16, what is 122 + 2?
124
In base 9, what is -232 - 3?
-235
In base 10, what is -119 + 65?
-54
In base 8, what is 37